*d + 4*d**3 - 3 + d**2. Let w(h) = 5*h**3 + 7*h - 5. Let i(f) = -6*l(f) + 5*w(f). Is i(7) composite?
False
Suppose -5*q - 1297 + 59 = 3*t, 827 = -2*t - 5*q. Let a be (1866/(-15))/((-2)/(-10)). Let s = t - a. Is s a composite number?
False
Suppose -4*f = 3*o - 87 - 1132, 0 = -4*o + 5*f + 1646. Is o composite?
False
Let u = 141 - 208. Let w = u - -98. Is w a prime number?
True
Let k(z) = -z - 1 - 5 - z + 7*z. Is k(4) a composite number?
True
Let h be 7/((-38)/20 - -2). Suppose 54 = 5*b + 219. Let u = b + h. Is u prime?
True
Suppose 5*y - 2*l = 6721, 3*l + 0*l = -3*y + 4041. Is y a prime number?
False
Let w = 331 + 408. Is w composite?
False
Let j(x) = x**3 + 4*x**2 - 2*x - 6. Let s be j(-4). Let b(n) = -2 + n + s - 2. Is b(6) a prime number?
False
Let t(i) = 2*i**3 - i**2 + i. Let v be t(1). Suppose p - 4*m = -5*m + 201, 201 = p + 5*m. Suppose -x = v*x - p. Is x prime?
True
Let y(v) = v**3 - 6*v**2 - 5*v + 5. Is y(7) a composite number?
False
Suppose 0 = -4*n - l - 133 - 16, l = -5. Is (-2)/8 - 7605/n a prime number?
True
Let c(m) = -126*m**3 + 2*m**2 + 2*m + 1. Suppose 0 = -f + 2*t - t + 2, 0 = -5*f + t - 2. Is c(f) a prime number?
True
Let q = -1 + 0. Let n be (-37)/((q + -2)/6). Suppose -5*b + 391 = 2*j, -n = -b - 0*b + j. Is b prime?
False
Suppose 0 = b - 0*l - l - 422, 0 = -5*b + l + 2098. Is b a prime number?
True
Suppose 5*x = -86 - 24. Let v = x + 183. Is v composite?
True
Let b(f) be the third derivative of 11*f**5/30 - f**4/24 + f**3/6 - f**2. Let z be -4*(2 + (-3)/2). Is b(z) a composite number?
True
Let r be 2/11 + (-60)/(-33). Let q(w) = 13 + 2*w**r + 0*w**2 - 5*w - 4*w - 3*w**2. Is q(-9) a prime number?
True
Let u = 1539 + -752. Is u prime?
True
Let a be (-4)/1*(-51)/6. Suppose -4*g = 14 - a. Suppose 0 = 3*l + g*h - 150, -4*l + 0*l + 4*h + 232 = 0. Is l a prime number?
False
Let u = -236 + 679. Is u prime?
True
Let x = -8 + 5. Let w be 2880/130 - 4/26. Is -15*(-3 + w/x) a composite number?
True
Let g be 4/(-30) + 1086/45. Let m = 1 + g. Is m a composite number?
True
Suppose 5*s - 5*b - 10 = 0, -3*s - 4*b = -4 - 23. Is s/((-168)/57 + 3) a composite number?
True
Suppose 24 - 10 = 2*y - 2*t, -t = y + 1. Suppose y*b - 14 = b. Is 457/b + (-4)/14 a composite number?
True
Let j(i) = -i**3 + 4*i**2 + 5*i + 2. Let x be j(5). Suppose 2*d + 2 = 0, s + x*d - 104 = -s. Is s prime?
True
Suppose -12*g + 1074 - 222 = 0. Is g composite?
False
Suppose 5*j - 362 = -2*g, -4*j + 5*j + 3*g = 75. Let w = j + -37. Is w a prime number?
False
Suppose -f - 4*s = -77, -2*s = 2*s - 12. Is f composite?
True
Suppose 140 = 5*u + 5*l, -2*u = 3*u + 3*l - 146. Let c = u + -21. Suppose w - 1 = 0, -k - 4*w - c = -2*k. Is k a composite number?
True
Suppose 4*x = 3*f - 50, -3*f - x + 15 = 2*x. Let s be ((-4)/f)/(3/(-2175)). Suppose -s = -4*n - 3*i, i + 298 = -n + 5*n. Is n prime?
False
Let c(q) = q**3 - 3*q**2 - 4*q - 2. Let y be c(4). Let l(k) = -k**2 - 2*k + 1. Let a be l(y). Is 2 + -5 + a - -93 a composite number?
True
Suppose -2*v - 760 = 3*v. Let l be 6/(-12)*1*v. Is (l/(-6))/(6/(-9)) a composite number?
False
Let o be 0/(1 - (1 - 1)). Suppose 3*a - 2*a - 53 = o. Is a prime?
True
Let g(f) = 5*f + 0 - f**3 - 13*f - 9*f**2 - 1. Let n be g(-8). Let s = 38 + n. Is s prime?
True
Suppose r - 44 = 119. Is r prime?
True
Is (44/2)/(2/17) composite?
True
Suppose 5*y = y + 8. Suppose -2045 + 621 = -8*p. Suppose n + y*u = -n + p, -u = 0. Is n a prime number?
True
Let z = 1741 + -590. Is z composite?
False
Is ((-1502)/6)/((-3)/9) a composite number?
False
Suppose 3*p = -5*a - 21, -2*p = -5*a - 4*p - 24. Let y(l) = -31*l + 5. Is y(a) composite?
False
Let d(y) = -y**3 + 4*y**2 + 5*y - 3. Let r be d(5). Let h be 5*(2 - (r + 4)). Let k(b) = 2*b**3 - 7*b**2 - b + 7. Is k(h) prime?
False
Suppose -5*u + 14 = m, 5*u + 4 = 5*m - 6. Suppose -450 = -5*h + o, -76 = -u*h + 5*o + 127. Is h prime?
True
Let f(q) = -3*q**3 - q**2 - 3*q - 2. Let o(j) = j + 3. Let m be o(-5). Let l be f(m). Is (19/(-4))/((-6)/l) a composite number?
False
Let b(o) = 22*o**3 - o**2 - 2*o - 1. Is b(2) composite?
False
Suppose 4 = n - 4*g, -4*n - 5*g - 8 = -6*n. Suppose -5*x = y - 59, 4*y - n*x - 111 = x. Is y prime?
False
Let k = 15 - 10. Is 1/k - 3132/(-15) prime?
False
Let j = -3 - -6. Let m(z) = 0*z**2 + j*z**2 - 2*z**2 + 5 + 6*z - 2*z. Is m(4) a prime number?
True
Suppose 3*t + 81 + 51 = 0. Is (-4)/(-22) + (-2544)/t composite?
True
Is (-5 + 6)/((-1)/(-23)) a prime number?
True
Let v(z) = -z + 2. Let h be v(5). Let s be 101 + h/(-1) + -3. Is 3/9 - s/(-3) a composite number?
True
Let s = 0 + 2. Suppose 3*t - 5*d - 71 = 0, -d - 5 - 40 = -s*t. Is t a composite number?
True
Let j(u) = -80*u. Let h be j(-2). Suppose 2*t = 3*t + y - 6, t + 5*y - 14 = 0. Suppose 2*f - t*r + 2*r - h = 0, 2*f + 4*r - 154 = 0. Is f a composite number?
False
Suppose 4*g + 1449 = 5*l, -5*l + 3*l = -4*g - 570. Is l a prime number?
True
Suppose 149 = -n + 568. Is n a prime number?
True
Let i be -3 - 2/4*-6. Let m(v) = v. Let u(o) = 5*o - 53. Let g(y) = 6*m(y) - u(y). Is g(i) composite?
False
Suppose -8 = -5*s - 88. Let v be (s/6)/(4/(-6)). Suppose -v*k + 216 = 28. Is k composite?
False
Suppose -3*w - s = -43, -4*w - s + 68 = -5*s. Suppose 0 = 4*f - 16, 2*x - 5*f = w + 103. Is x a composite number?
True
Is (7 + -4 + -2)*(0 + 143) a prime number?
False
Let l(v) = v**3 - 5*v**2 - v + 7. Let j be l(5). Let f(t) = 22*t**2 - 2. Let x be f(j). Is x/(1 + 1)*7 composite?
True
Suppose -6*r + 3*r = -354. Suppose -2*c = -636 + r. Is c a prime number?
False
Let n = -116 - -423. Is n composite?
False
Suppose 9*b = 5*b + 460. Is b a composite number?
True
Suppose 5*c - 56 - 84 = 0. Let z = c - 17. Suppose -2*s + 34 = 3*n, n + 3*s = z + 5. Is n a composite number?
True
Let d(z) = -2038*z**3 + 2*z**2 + 6*z + 5. Is d(-1) a composite number?
False
Suppose -4*t = 2*b - 874, b = t + 696 - 250. Is b a prime number?
True
Suppose -6*d + 15 = -375. Is d a prime number?
False
Let t = 3 + 0. Suppose h + 2*q - 9 = t, -15 = 3*q. Is h composite?
True
Is ((-2)/(-4))/(5/1190) prime?
False
Let d(g) = g - 8. Let a be d(-7). Let r be 3/(-5) - 9/a. Suppose o - 2*j - 47 = 0, -6*o + 2*o - 2*j + 188 = r. Is o a prime number?
True
Suppose -g - 2 = g. Let c = -20 + 15. Is 6 - g - (c + 3) prime?
False
Suppose 0 = d - 3*d + 518. Is d prime?
False
Let h(p) = 418*p**3 + p**2. Is h(1) a composite number?
False
Let w be 32/4 + (-1 - -1). Let a = w + -4. Suppose -44 = -4*l - a. Is l composite?
True
Is (-613)/(-3) + (-7)/((-105)/10) composite?
True
Suppose 4*a = 2*n + 908, -748 = -4*a - 3*n + 150. Is a a composite number?
True
Let l be 838 - (9/1)/(-3). Let j = 1252 - l. Is j a prime number?
False
Is (-5)/(-1)*198/45 a prime number?
False
Let z(p) be the second derivative of 16*p**3/3 + 7*p**2/2 + 3*p. Is z(8) a prime number?
True
Suppose -p + 0*p - 4*s = 18, -p + 3*s + 3 = 0. Let t be (-1)/3 - 530/p. Suppose 0 = 3*d + d - t. Is d a composite number?
True
Suppose -4*v = 35 - 191. Let a be 2*(0 + v/6). Suppose -5*i - 2*t + a = -0*t, 5*t + 17 = 4*i. Is i composite?
False
Let o = 1457 + -402. Is o a composite number?
True
Suppose 0 = 4*f + 3 - 11. Suppose -f*g + 3*t - 2 = 0, g - 6*g + 12 = t. Is g a prime number?
True
Suppose -5*u - 5*n = 65, 4*u + 2*n = 4*n - 34. Suppose -3*g + 115 = 2*g. Let b = g + u. Is b a prime number?
True
Let n(a) = -a**2 - 7*a - 8. Let g be n(-6). Let z = -4 - -3. Is z/(153/78 + g) a composite number?
True
Is 24/(-6) + 1 + 412 a composite number?
False
Suppose 4 = -m + 3*m. Suppose m*f + f = 267. Suppose -5*i + f - 24 = 0. Is i a prime number?
True
Let j be 264/(-16)*(1 + 27). Is ((-2)/6)/(2/j) a composite number?
True
Let s(n) = n**3 - n**2 - n + 2. Suppose -2*g - 3*g = 0. Let w be s(g). Suppose -q = -5, 0 = -4*d - 0*d + w*q + 2. Is d prime?
True
Let h = -1 + 6. Let f(n) = 41*n - 5. Let g be f(4). Suppose g - 49 = h*t. Is t composite?
True
Let u = 398 + -267. Is u prime?
True
Suppose -4*m + 5*m = 8. Let n(o) = o**2 - 8*o + 2. Let h be n(m). Suppose -h*f + 0*f - 43 = -r, -r = -4*f - 49. Is r prime?
True
Let u be 1 + (0 + 2 - 2). Suppose -x - 2*v - u = 5, -v - 12 = -4*x. Is 1 - (-23 - (3 - x)) composite?
True
Let k(m) be the second derivative of m**3/6 + m**2 - 2*m. Let a be k(-4). Is 10/(-15)*39/a a composite number?
False
Let u(c) = 4*c**2 - 3*c - 2. Let l be u(-